{"id":39,"date":"2015-05-29T08:04:17","date_gmt":"2015-05-29T08:04:17","guid":{"rendered":"http:\/\/hipicalegend.com\/?page_id=39"},"modified":"2020-08-01T10:50:06","modified_gmt":"2020-08-01T10:50:06","slug":"hipica-legend","status":"publish","type":"page","link":"https:\/\/hipicalegend.com\/?page_id=39","title":{"rendered":"CON\u00d3CENOS"},"content":{"rendered":"<p style=\"text-align: left;\"><img loading=\"lazy\" decoding=\"async\" class=\"alignnone size-full wp-image-281\" src=\"http:\/\/hipicalegend.com\/wp-content\/uploads\/2019\/11\/prueba3.jpg\" alt=\"\" width=\"2000\" height=\"1048\" srcset=\"https:\/\/hipicalegend.com\/wp-content\/uploads\/2019\/11\/prueba3.jpg 2000w, https:\/\/hipicalegend.com\/wp-content\/uploads\/2019\/11\/prueba3-768x402.jpg 768w\" sizes=\"auto, (max-width: 2000px) 100vw, 2000px\" \/>El Club H\u00edpico Legend es m\u00e1s que un Club, es un centro ecuestre en el que podr\u00e1s sumergirte en el maravilloso mundo de los caballos y formar parte de la peque\u00f1a gran familia que somos.<\/p>\n<p style=\"text-align: left;\">Disponemos de una superficie de 70.000 metros cuadrados y un entorno privilegiado rodeado de tranquilidad y bienestar a tan solo 15 minutos de Benidorm y con f\u00e1cil acceso. Nuestra ubicaci\u00f3n nos permite realizar rutas a caballo con unos paisajes \u00fanicos.<\/p>\n<p style=\"text-align: left;\">Tenemos caballos adaptados a todos los niveles de nuestros alumnos, desde iniciaci\u00f3n hasta los niveles m\u00e1s avanzados, con los que podr\u00e1n aprender, divertirse y progresar de la mano de nuestros monitores especializados. Nuestras clases son did\u00e1cticas y muy variadas, se realizan clases en pista, excursiones, concursos y pruebas de nivel para evaluar a los alumnos y seguir mejorando.<\/p>\n<p style=\"text-align: left;\">\u00a0<\/p>\n\n\n<ul class=\"wp-block-gallery columns-0 is-cropped wp-block-gallery-1 is-layout-flex wp-block-gallery-is-layout-flex\"><\/ul>\n","protected":false},"excerpt":{"rendered":"<p>El Club H\u00edpico Legend es m\u00e1s que un Club, es un centro ecuestre en el que podr\u00e1s sumergirte en el maravilloso mundo de los caballos y formar parte de la peque\u00f1a gran familia que somos. Disponemos de una superficie de 70.000 metros cuadrados y un entorno privilegiado rodeado de tranquilidad y bienestar a tan solo [&hellip;]<\/p>\n","protected":false},"author":1,"featured_media":0,"parent":0,"menu_order":0,"comment_status":"closed","ping_status":"open","template":"","meta":{"footnotes":""},"class_list":["post-39","page","type-page","status-publish","hentry"],"aioseo_notices":[],"_links":{"self":[{"href":"https:\/\/hipicalegend.com\/index.php?rest_route=\/wp\/v2\/pages\/39","targetHints":{"allow":["GET"]}}],"collection":[{"href":"https:\/\/hipicalegend.com\/index.php?rest_route=\/wp\/v2\/pages"}],"about":[{"href":"https:\/\/hipicalegend.com\/index.php?rest_route=\/wp\/v2\/types\/page"}],"author":[{"embeddable":true,"href":"https:\/\/hipicalegend.com\/index.php?rest_route=\/wp\/v2\/users\/1"}],"replies":[{"embeddable":true,"href":"https:\/\/hipicalegend.com\/index.php?rest_route=%2Fwp%2Fv2%2Fcomments&post=39"}],"version-history":[{"count":7,"href":"https:\/\/hipicalegend.com\/index.php?rest_route=\/wp\/v2\/pages\/39\/revisions"}],"predecessor-version":[{"id":379,"href":"https:\/\/hipicalegend.com\/index.php?rest_route=\/wp\/v2\/pages\/39\/revisions\/379"}],"wp:attachment":[{"href":"https:\/\/hipicalegend.com\/index.php?rest_route=%2Fwp%2Fv2%2Fmedia&parent=39"}],"curies":[{"name":"wp","href":"https:\/\/api.w.org\/{rel}","templated":true}]}}